
843
What is the remainder when 2924 is divided by 50?
24
Calculate the remainder when 36799 is divided by 24.
7
Calculate the remainder when 1627 is divided by 1254.
373
What is the remainder when 11786 is divided by 595?
481
Calculate the remainder when 1536 is divided by 28.
24
What is the remainder when 10954 is divided by 115?
29
Calculate the remainder when 33460 is divided by 3037.
53
Calculate the remainder when 4707 is divided by 1146.
123
Calculate the remainder when 1571 is divided by 118.
37
What is the remainder when 2167 is divided by 59?
43
Calculate the remainder when 9020 is divided by 65.
50
Calculate the remainder when 1587 is divided by 1330.
257
Calculate the remainder when 1448 is divided by 7.
6
What is the remainder when 6226 is divided by 96?
82
What is the remainder when 136843 is divided by 1?
0
Calculate the remainder when 1932 is divided by 895.
142
What is the remainder when 3721 is divided by 641?
516
What is the remainder when 1221081 is divided by 9?
6
What is the remainder when 1348 is divided by 78?
22
What is the remainder when 770268 is divided by 17?
15
Calculate the remainder when 12616 is divided by 6263.
90
Calculate the remainder when 118 is divided by 81.
37
What is the remainder when 2303 is divided by 246?
89
What is the remainder when 20886 is divided by 56?
54
Calculate the remainder when 517752 is divided by 158.
144
Calculate the remainder when 6974 is divided by 1216.
894
What is the remainder when 29425 is divided by 387?
13
What is the remainder when 261593 is divided by 97?
81
What is the remainder when 6732 is divided by 133?
82
Calculate the remainder when 264623 is divided by 298.
297
What is the remainder when 41981 is divided by 4124?
741
What is the remainder when 83432 is divided by 21?
20
What is the remainder when 2432 is divided by 97?
7
Calculate the remainder when 4078 is divided by 96.
46
What is the remainder when 2223 is divided by 1107?
9
Calculate the remainder when 85990 is divided by 83.
2
What is the remainder when 179367 is divided by 56?
55
Calculate the remainder when 856 is divided by 289.
278
Calculate the remainder when 1636 is divided by 36.
16
Calculate the remainder when 106668 is divided by 59.
55
What is the remainder when 36087 is divided by 1335?
42
What is the remainder when 140283 is divided by 90?
63
What is the remainder when 6034 is divided by 671?
666
Calculate the remainder when 208911 is divided by 120.
111
Calculate the remainder when 9354 is divided by 1039.
3
What is the remainder when 20558 is divided by 4111?
3
What is the remainder when 132350 is divided by 181?
39
Calculate the remainder when 4248 is divided by 512.
152
What is the remainder when 18302 is divided by 408?
350
What is the remainder when 12574 is divided by 483?
16
Calculate the remainder when 1565 is divided by 61.
40
Calculate the remainder when 4076 is divided by 95.
86
Calculate the remainder when 4692 is divided by 516.
48
Calculate the remainder when 87486 is divided by 21860.
46
What is the remainder when 16768 is divided by 2?
0
Calculate the remainder when 84802 is divided by 15.
7
Calculate the remainder when 30553 is divided by 20.
13
Calculate the remainder when 2166 is divided by 112.
38
What is the remainder when 133447 is divided by 177?
166
Calculate the remainder when 699 is divided by 55.
39
What is the remainder when 1635 is divided by 127?
111
What is the remainder when 4917 is divided by 22?
11
Calculate the remainder when 11718 is divided by 5830.
58
What is the remainder when 28644 is divided by 817?
49
Calculate the remainder when 438 is divided by 123.
69
Calculate the remainder when 147826 is divided by 381.
379
Calculate the remainder when 242227 is divided by 24214.
87
What is the remainder when 787622 is divided by 38?
34
Calculate the remainder when 5726 is divided by 5723.
3
What is the remainder when 92497 is divided by 24?
1
Calculate the remainder when 14084 is divided by 4694.
2
What is the remainder when 52516 is divided by 2385?
46
What is the remainder when 903232 is divided by 90?
82
What is the remainder when 283183 is divided by 651?
649
Calculate the remainder when 33306 is divided by 8260.
266
Calculate the remainder when 150 is divided by 43.
21
Calculate the remainder when 831704 is divided by 19.
17
What is the remainder when 59564 is divided by 11?
10
Calculate the remainder when 61113 is divided by 203.
10
Calculate the remainder when 685895 is divided by 294.
287
Calculate the remainder when 19080 is divided by 4761.
36
What is the remainder when 3481 is divided by 1728?
25
What is the remainder when 87731 is divided by 205?
196
Calculate the remainder when 71830 is divided by 164.
162
What is the remainder when 994 is divided by 297?
103
What is the remainder when 374518 is divided by 256?
246
What is the remainder when 14147 is divided by 2318?
239
What is the remainder when 4760 is divided by 151?
79
What is the remainder when 12246 is divided by 7?
3
Calculate the remainder when 10499 is divided by 2533.
367
What is the remainder when 18315 is divided by 76?
75
Calculate the remainder when 156363 is divided by 74.
1
What is the remainder when 26388 is divided by 8796?
0
What is the remainder when 5466698 is divided by 236?
230
What is the remainder when 154369 is divided by 2030?
89
What is the remainder when 1828874 is divided by 98?
96
Calculate the remainder when 24828 is divided by 28.
20
What is the remainder when 3616 is divided by 2968?
648
Calculate the remainder when 91954 is divided by 9.
1
Calculate the remainder when 8817 is divided by 80.
17
What is the remainder when 1910 is divided by 577?
179
What is the remainder when 28678 is divided by 264?
166
Calculate the remainder when 5398 is divided by 1918.
1562
Calculate the remainder when 931252 is divided by 232813.
0
Calculate the remainder when 55539 is divided by 2644.
15
What is the remainder when 2608667 is divided by 1478?
1475
Calculate the remainder when 24087 is divided by 6019.
11
Calculate the remainder when 10993 is divided by 282.
277
Calculate the remainder when 259 is divided by 141.
118
What is the remainder when 38688 is divided by 180?
168
What is the remainder when 2804 is divided by 1394?
16
Calculate the remainder when 718660 is divided by 213.
211
What is the remainder when 13543 is divided by 1229?
24
What is the remainder when 3485 is divided by 3464?
21
Calculate the remainder when 78470 is divided by 17.
15
What is the remainder when 6026 is divided by 6001?
25
Calculate the remainder when 5855 is divided by 254.
13
Calculate the remainder when 814 is divided by 28.
2
Calculate the remainder when 7889 is divided by 22.
13
Calculate the remainder when 51701 is divided by 281.
278
What is the remainder when 503820 is divided by 8?
4
Calculate the remainder when 1821 is divided by 1412.
409
What is the remainder when 3654 is divided by 823?
362
Calculate the remainder when 299860 is divided by 73.
49
Calculate the remainder when 7192 is divided by 1945.
1357
Calculate the remainder when 2622 is divided by 761.
339
What is the remainder when 64213 is divided by 9?
7
Calculate the remainder when 11040 is divided by 2207.
5
What is the remainder when 249800 is divided by 124900?
0
Calculate the remainder when 328406 is divided by 5052.
26
What is the remainder when 2823 is divided by 238?
205
What is the remainder when 17275 is divided by 56?
27
Calculate the remainder when 8514 is divided by 4227.
60
Calculate the remainder when 74749 is divided by 250.
249
Calculate the remainder when 12166 is divided by 43.
40
What is the remainder when 229432 is divided by 192?
184
What is the remainder when 25122 is divided by 628?
2
What is the remainder when 369055 is divided by 13?
11
What is the remainder when 1370599 is divided by 56?
55
Calculate the remainder when 534005 is divided by 186.
185
Calculate the remainder when 1471 is divided by 185.
176
What is the remainder when 11971 is divided by 5?
1
What is the remainder when 9558 is divided by 9335?
223
What is the remainder when 23253 is divided by 240?
213
Calculate the remainder when 7413243 is divided by 666.
663
What is the remainder when 8435 is divided by 30?
5
Calculate the remainder whe